he greatest common divisor of 1008 and 720.
144
Calculate the greatest common factor of 678 and 438.
6
What is the highest common factor of 35 and 1525?
5
What is the highest common factor of 82 and 205?
41
What is the greatest common factor of 522 and 18?
18
What is the greatest common factor of 703 and 37?
37
What is the greatest common divisor of 45 and 45?
45
Calculate the greatest common divisor of 118 and 2.
2
Calculate the highest common divisor of 8 and 40.
8
Calculate the greatest common factor of 57 and 5529.
57
Calculate the highest common divisor of 95400 and 100.
100
What is the greatest common factor of 1342 and 22?
22
What is the greatest common factor of 15 and 891?
3
Calculate the highest common divisor of 4158 and 1078.
154
What is the greatest common factor of 188 and 423?
47
Calculate the highest common divisor of 1431 and 1060.
53
Calculate the greatest common divisor of 1304 and 72.
8
Calculate the highest common factor of 22 and 374.
22
What is the highest common divisor of 80 and 1090?
10
Calculate the greatest common factor of 1349 and 994.
71
What is the greatest common factor of 4 and 52?
4
What is the highest common divisor of 4338 and 18?
18
Calculate the greatest common divisor of 6 and 3558.
6
Calculate the highest common divisor of 1001 and 2431.
143
What is the highest common factor of 2821 and 4774?
217
Calculate the greatest common divisor of 16 and 60.
4
Calculate the greatest common divisor of 5824 and 1.
1
What is the greatest common divisor of 50 and 350?
50
What is the highest common factor of 12 and 510?
6
What is the highest common factor of 2788 and 328?
164
What is the highest common divisor of 630 and 5166?
126
Calculate the highest common divisor of 1160 and 1566.
58
Calculate the greatest common factor of 396 and 1764.
36
Calculate the highest common factor of 828 and 180.
36
Calculate the highest common factor of 8 and 938.
2
Calculate the greatest common factor of 56 and 140.
28
Calculate the highest common factor of 74 and 8.
2
Calculate the greatest common divisor of 410 and 8282.
82
What is the highest common divisor of 80 and 3840?
80
What is the highest common divisor of 18 and 18?
18
Calculate the greatest common divisor of 1067 and 33.
11
Calculate the greatest common factor of 4 and 1396.
4
What is the greatest common divisor of 712 and 472?
8
What is the greatest common factor of 19 and 1216?
19
Calculate the greatest common divisor of 770 and 1386.
154
Calculate the highest common factor of 510 and 30.
30
Calculate the greatest common factor of 3013 and 524.
131
Calculate the highest common factor of 72 and 24912.
72
Calculate the highest common divisor of 7455 and 105.
105
Calculate the greatest common factor of 219 and 56064.
219
What is the highest common divisor of 2694 and 6?
6
Calculate the highest common divisor of 80 and 420.
20
What is the greatest common divisor of 63 and 4242?
21
What is the greatest common factor of 528 and 220?
44
Calculate the greatest common factor of 432 and 1104.
48
What is the highest common divisor of 350 and 7525?
175
What is the highest common divisor of 32 and 4896?
32
Calculate the highest common divisor of 825 and 25.
25
What is the greatest common divisor of 2552 and 88?
88
What is the highest common divisor of 9336 and 96?
24
What is the greatest common factor of 26 and 2158?
26
Calculate the highest common factor of 96 and 64.
32
Calculate the highest common divisor of 4929 and 62.
31
What is the greatest common factor of 5135 and 65?
65
What is the greatest common factor of 168 and 1152?
24
Calculate the greatest common factor of 18672 and 48.
48
What is the greatest common divisor of 4 and 72?
4
Calculate the greatest common factor of 296 and 24.
8
Calculate the greatest common divisor of 11 and 4367.
11
What is the greatest common factor of 6 and 566?
2
What is the highest common factor of 14 and 574?
14
What is the highest common factor of 33 and 237?
3
What is the highest common divisor of 114 and 57?
57
Calculate the greatest common factor of 30 and 110.
10
Calculate the highest common divisor of 3514 and 322.
14
Calculate the highest common divisor of 16 and 332.
4
Calculate the greatest common factor of 11 and 121.
11
Calculate the greatest common factor of 976 and 10.
2
What is the highest common factor of 2737 and 238?
119
Calculate the greatest common divisor of 88 and 517.
11
What is the greatest common factor of 22480 and 80?
80
Calculate the highest common factor of 4069 and 13.
13
What is the highest common divisor of 27 and 5823?
9
Calculate the greatest common factor of 203 and 29.
29
What is the greatest common factor of 17771 and 52?
13
Calculate the highest common divisor of 1440 and 45.
45
What is the highest common divisor of 546 and 156?
78
Calculate the highest common divisor of 145 and 1189.
29
Calculate the highest common factor of 184 and 4.
4
What is the greatest common divisor of 340 and 445?
5
Calculate the greatest common divisor of 15 and 20595.
15
Calculate the greatest common divisor of 1995 and 475.
95
Calculate the greatest common divisor of 6272 and 98.
98
What is the greatest common factor of 1360 and 1530?
170
Calculate the highest common divisor of 11189 and 67.
67
What is the greatest common factor of 6066 and 54?
18
What is the highest common divisor of 39 and 429?
39
Calculate the highest common factor of 1269 and 81.
27
What is the greatest common divisor of 14 and 238?
14
What is the highest common divisor of 26 and 23127?
13
What is the highest common divisor of 51 and 13821?
51
Calculate the greatest common factor of 7 and 24227.
7
What is the greatest common divisor of 399 and 42?
21
Calculate the highest common factor of 1652 and 28.
28
What is the highest common divisor of 10 and 95?
5
Calculate the highest common divisor of 21 and 7.
7
What is the highest common factor of 64 and 96?
32
What is the greatest common divisor of 58 and 6554?
58
What is the greatest common divisor of 1145 and 18549?
229
Calculate the greatest common factor of 72 and 6228.
36
Calculate the greatest common divisor of 35 and 21455.
35
What is the highest common divisor of 24 and 2094?
6
Calculate the highest common factor of 48 and 388.
4
Calculate the highest common divisor of 1776 and 48.
48
What is the greatest common factor of 1075 and 175?
25
Calculate the highest common divisor of 1824 and 570.
114
What is the greatest common divisor of 368 and 69?
23
What is the highest common divisor of 90 and 20?
10
Calculate the greatest common factor of 208 and 78.
26
What is the highest common divisor of 144 and 240?
48
What is the greatest common factor of 3060 and 17?
17
Calculate the highest common factor of 140 and 1610.
70
Calculate the highest common factor of 441 and 63.
63
Calculate the highest common factor of 160 and 2160.
80
Calculate the highest common divisor of 400 and 225.
25
What is the highest common divisor of 15 and 5860?
5
Calculate the highest common factor of 182 and 13.
13
What is the highest common factor of 13284 and 8?
4
What is the highest common divisor of 9301 and 568?
71
What is the highest common factor of 166 and 83?
83
What is the highest common factor of 506 and 165?
11
Calculate the highest common divisor of 22 and 77.
11
What is the greatest common divisor of 1320 and 48?
24
Calculate the highest common divisor of 1025 and 2542.
41
What is the highest common divisor of 380 and 152?
76
What is the greatest common factor of 63 and 903?
21
Calculate the greatest common factor of 134 and 3618.
134
What is the highest common factor of 246 and 2542?
82
Calculate the greatest common divisor of 1768 and 208.
104
What is the greatest common factor of 10 and 28?
2
Calculate the highest common divisor of 1496 and 22.
22
What is the highest common factor of 108 and 72?
36
Calculate the greatest common factor of 24 and 768.
24
What is the highest common divisor of 50 and 425?
25
What is the greatest common divisor of 114 and 7258?
38
What is the greatest common divisor of 1425 and 10?
5
Calculate the greatest common divisor of 56 and 48.
8
What is the highest common divisor of 231 and 6314?
77
Calculate the highest common divisor of 5 and 280.
5
What is the greatest common divisor of 226 and 50?